{"id":3267,"date":"2014-12-01T10:10:05","date_gmt":"2014-12-01T09:10:05","guid":{"rendered":"http:\/\/sueddeutscher-vertriebskongress.de\/wp-sdvk\/?page_id=3267"},"modified":"2016-12-06T18:18:50","modified_gmt":"2016-12-06T17:18:50","slug":"abendprogramm-des-norddeutschen-vertriebskongress-2017","status":"publish","type":"page","link":"http:\/\/norddeutscher-vertriebskongress.de\/wp-ndvk\/abendprogramm-des-norddeutschen-vertriebskongress-2017\/","title":{"rendered":"Abendprogramm"},"content":{"rendered":"<div class='flex_column av-av_one_full-2a9015ff38129c418a3f2eafba3e9512 av_one_full  avia-builder-el-0  el_before_av_one_full  avia-builder-el-first  first flex_column_div '     ><style type=\"text\/css\" data-created_by=\"avia_inline_auto\" id=\"style-css-av-av_heading-74a810d343c2e4a6cb867902a95a8a77\">\n#top .av-special-heading.av-av_heading-74a810d343c2e4a6cb867902a95a8a77{\npadding-bottom:10px;\n}\nbody .av-special-heading.av-av_heading-74a810d343c2e4a6cb867902a95a8a77 .av-special-heading-tag .heading-char{\nfont-size:25px;\n}\n.av-special-heading.av-av_heading-74a810d343c2e4a6cb867902a95a8a77 .av-subheading{\nfont-size:15px;\n}\n<\/style>\n<div  class='av-special-heading av-av_heading-74a810d343c2e4a6cb867902a95a8a77 av-special-heading-h2  avia-builder-el-1  avia-builder-el-no-sibling '><h2 class='av-special-heading-tag'  itemprop=\"headline\"  >Abendprogramm: Entdecken Sie die bezaubernde L\u00fcneburger Altstadt <\/h2><div class=\"special-heading-border\"><div class=\"special-heading-inner-border\"><\/div><\/div><\/div><\/div>\n\n<style type=\"text\/css\" data-created_by=\"avia_inline_auto\" id=\"style-css-av-av_one_full-6126cab7d8fab8d08143dd2dacdf673c\">\n.flex_column.av-av_one_full-6126cab7d8fab8d08143dd2dacdf673c{\n-webkit-border-radius:0px 0px 0px 0px;\n-moz-border-radius:0px 0px 0px 0px;\nborder-radius:0px 0px 0px 0px;\npadding:0px 0px 0px 0px;\n}\n<\/style>\n<div class='flex_column av-av_one_full-6126cab7d8fab8d08143dd2dacdf673c av_one_full  avia-builder-el-2  el_after_av_one_full  el_before_av_one_full  first flex_column_div av-zero-column-padding column-top-margin'     ><div id='av-masonry-1' class='av-masonry av-av_masonry_gallery-fc3e4712f2cb6514c0f2231dfd024fe1 noHover av-fixed-size av-large-gap av-hover-overlay-active av-masonry-animation-active av-masonry-col-3 av-caption-always av-caption-style- av-masonry-gallery '><div class=\"av-masonry-container isotope av-js-disabled\"><div class='av-masonry-entry isotope-item av-masonry-item-no-image '><\/div><a href=\"http:\/\/norddeutscher-vertriebskongress.de\/wp-ndvk\/wp-content\/uploads\/2013\/11\/Altes-Rathaus-Lueneburg_LMG.jpg\" data-srcset=\"http:\/\/norddeutscher-vertriebskongress.de\/wp-ndvk\/wp-content\/uploads\/2013\/11\/Altes-Rathaus-Lueneburg_LMG.jpg 660w, http:\/\/norddeutscher-vertriebskongress.de\/wp-ndvk\/wp-content\/uploads\/2013\/11\/Altes-Rathaus-Lueneburg_LMG-300x281.jpg 300w\" data-sizes=\"(max-width: 660px) 100vw, 660px\"  aria-label=\"Bild Eine Perle unter Deutschlands Rath\u00e4usern: das Alte Rathaus zu L\u00fcneburg\"  id='av-masonry-1-item-136' data-av-masonry-item='136' class='av-masonry-entry isotope-item post-136 attachment type-attachment status-inherit hentry  av-masonry-item-with-image' title=\"Eine Perle unter Deutschlands Rath\u00e4usern: das Alte Rathaus zu L\u00fcneburg\" alt=\"Eine Perle unter Deutschlands Rath\u00e4usern: das Alte Rathaus zu L\u00fcneburg\"    itemprop=\"thumbnailUrl\" ><div class='av-inner-masonry-sizer'><\/div><figure class='av-inner-masonry main_color'><div class=\"av-masonry-outerimage-container\"><div class='av-masonry-image-container' style=\"background-image: url(http:\/\/norddeutscher-vertriebskongress.de\/wp-ndvk\/wp-content\/uploads\/2013\/11\/Altes-Rathaus-Lueneburg_LMG.jpg);\"  title=\"Eine Perle unter Deutschlands Rath\u00e4usern: das Alte Rathaus zu L\u00fcneburg\"   alt=\"Eine Perle unter Deutschlands Rath\u00e4usern: das Alte Rathaus zu L\u00fcneburg\" ><\/div><\/div><\/figure><\/a><!--end av-masonry entry--><a href=\"http:\/\/norddeutscher-vertriebskongress.de\/wp-ndvk\/wp-content\/uploads\/2014\/12\/L\u00fcneburger-Stintmarkt-mit-Salzewer_Web-1030x684.jpg\" data-srcset=\"http:\/\/norddeutscher-vertriebskongress.de\/wp-ndvk\/wp-content\/uploads\/2014\/12\/L\u00fcneburger-Stintmarkt-mit-Salzewer_Web-1030x684.jpg 1030w, http:\/\/norddeutscher-vertriebskongress.de\/wp-ndvk\/wp-content\/uploads\/2014\/12\/L\u00fcneburger-Stintmarkt-mit-Salzewer_Web-300x199.jpg 300w, http:\/\/norddeutscher-vertriebskongress.de\/wp-ndvk\/wp-content\/uploads\/2014\/12\/L\u00fcneburger-Stintmarkt-mit-Salzewer_Web-768x510.jpg 768w, http:\/\/norddeutscher-vertriebskongress.de\/wp-ndvk\/wp-content\/uploads\/2014\/12\/L\u00fcneburger-Stintmarkt-mit-Salzewer_Web-1500x996.jpg 1500w, http:\/\/norddeutscher-vertriebskongress.de\/wp-ndvk\/wp-content\/uploads\/2014\/12\/L\u00fcneburger-Stintmarkt-mit-Salzewer_Web-705x468.jpg 705w, http:\/\/norddeutscher-vertriebskongress.de\/wp-ndvk\/wp-content\/uploads\/2014\/12\/L\u00fcneburger-Stintmarkt-mit-Salzewer_Web-450x299.jpg 450w\" data-sizes=\"(max-width: 1030px) 100vw, 1030px\"  aria-label=\"Bild lueneburger-stintmarkt-mit-salzewer_web\"  id='av-masonry-1-item-4089' data-av-masonry-item='4089' class='av-masonry-entry isotope-item post-4089 attachment type-attachment status-inherit hentry  av-masonry-item-with-image' title=\"lueneburger-stintmarkt-mit-salzewer_web\" alt=\"\"    itemprop=\"thumbnailUrl\" ><div class='av-inner-masonry-sizer'><\/div><figure class='av-inner-masonry main_color'><div class=\"av-masonry-outerimage-container\"><div class='av-masonry-image-container' style=\"background-image: url(http:\/\/norddeutscher-vertriebskongress.de\/wp-ndvk\/wp-content\/uploads\/2014\/12\/L\u00fcneburger-Stintmarkt-mit-Salzewer_Web-705x468.jpg);\"  title=\"lueneburger-stintmarkt-mit-salzewer_web\"  ><\/div><\/div><\/figure><\/a><!--end av-masonry entry--><a href=\"http:\/\/norddeutscher-vertriebskongress.de\/wp-ndvk\/wp-content\/uploads\/2014\/12\/Diele-in-der-Krone.jpg\" data-srcset=\"http:\/\/norddeutscher-vertriebskongress.de\/wp-ndvk\/wp-content\/uploads\/2014\/12\/Diele-in-der-Krone.jpg 900w, http:\/\/norddeutscher-vertriebskongress.de\/wp-ndvk\/wp-content\/uploads\/2014\/12\/Diele-in-der-Krone-300x200.jpg 300w, http:\/\/norddeutscher-vertriebskongress.de\/wp-ndvk\/wp-content\/uploads\/2014\/12\/Diele-in-der-Krone-705x470.jpg 705w, http:\/\/norddeutscher-vertriebskongress.de\/wp-ndvk\/wp-content\/uploads\/2014\/12\/Diele-in-der-Krone-450x300.jpg 450w\" data-sizes=\"(max-width: 900px) 100vw, 900px\"  aria-label=\"Bild Diele in der Krone\"  id='av-masonry-1-item-3673' data-av-masonry-item='3673' class='av-masonry-entry isotope-item post-3673 attachment type-attachment status-inherit hentry  av-masonry-item-with-image' title=\"Diele in der Krone\" alt=\"\"    itemprop=\"thumbnailUrl\" ><div class='av-inner-masonry-sizer'><\/div><figure class='av-inner-masonry main_color'><div class=\"av-masonry-outerimage-container\"><div class='av-masonry-image-container' style=\"background-image: url(http:\/\/norddeutscher-vertriebskongress.de\/wp-ndvk\/wp-content\/uploads\/2014\/12\/Diele-in-der-Krone-705x470.jpg);\"  title=\"Diele in der Krone\"  ><\/div><\/div><\/figure><\/a><!--end av-masonry entry--><\/div><\/div><\/div>\n<div class='flex_column av-av_one_full-2a9015ff38129c418a3f2eafba3e9512 av_one_full  avia-builder-el-4  el_after_av_one_full  avia-builder-el-last  first flex_column_div column-top-margin'     ><p><section  class='av_textblock_section av-av_textblock-35972167d9f102c5ddaec0c531c98b9e'  itemscope=\"itemscope\" itemtype=\"https:\/\/schema.org\/CreativeWork\" ><div class='avia_textblock'  itemprop=\"text\" ><p><strong>Das Networking-Event am Abend des ersten Kongresstags.<\/strong><\/p>\n<p>Der Abend beginnt mit einer kleinen, gef\u00fchrten Reise durch die bezaubernde L\u00fcneburger Altstadt. Danach erwartet Sie ein leckeres 3-Gang-Men\u00fc in der Festdiele des ehemaligen Brauhauses Krone \u2013 ein wundersch\u00f6ner, original erhaltener Saal aus dem Jahr 1485, einmalig in Norddeutschland. Kn\u00fcpfen und Vertiefen neuer Kontakte leicht gemacht.<\/p>\n<p>Preis pro Person: 69 EUR zzgl. MwSt. (inklusive aller Getr\u00e4nke \u2013 au\u00dfer\u00a0Spirituosen)<\/p>\n<div  class='avia-button-wrap av-av_button-aa2d561330561f4c786b122cc23d04d9-wrap avia-button-left  avia-builder-el-6  avia-builder-el-no-sibling '><a href='http:\/\/norddeutscher-vertriebskongress.de\/wp-ndvk\/hier-anmelden-zum-norddeutschen-vertriebskongress-2017\/'  class='avia-button av-av_button-aa2d561330561f4c786b122cc23d04d9 avia-icon_select-no avia-size-medium avia-position-left avia-color-green'  ><span class='avia_iconbox_title' >Jetzt zusammen mit Ihrer Anmeldung buchen<\/span><\/a><\/div>\n<\/div><\/section><br \/>\n\n<style type=\"text\/css\" data-created_by=\"avia_inline_auto\" id=\"style-css-av-av_heading-9f4e3f22af2c8c02fa8ac5834d876327\">\n#top .av-special-heading.av-av_heading-9f4e3f22af2c8c02fa8ac5834d876327{\npadding-bottom:10px;\n}\nbody .av-special-heading.av-av_heading-9f4e3f22af2c8c02fa8ac5834d876327 .av-special-heading-tag .heading-char{\nfont-size:25px;\n}\n.av-special-heading.av-av_heading-9f4e3f22af2c8c02fa8ac5834d876327 .av-subheading{\nfont-size:15px;\n}\n<\/style>\n<div  class='av-special-heading av-av_heading-9f4e3f22af2c8c02fa8ac5834d876327 av-special-heading-h3  avia-builder-el-7  el_after_av_textblock  el_before_av_textblock '><h3 class='av-special-heading-tag'  itemprop=\"headline\"  >\u00dcbernachten<\/h3><div class=\"special-heading-border\"><div class=\"special-heading-inner-border\"><\/div><\/div><\/div><br \/>\n<section  class='av_textblock_section av-av_textblock-35972167d9f102c5ddaec0c531c98b9e'  itemscope=\"itemscope\" itemtype=\"https:\/\/schema.org\/CreativeWork\" ><div class='avia_textblock'  itemprop=\"text\" ><p>Bei unserem Hotel-Partner <strong><a href=\"http:\/\/www.seminaris.de\/hotels\/seminaris-hotel-lueneburg.html\" target=\"_blank\" rel=\"noopener\">SEMINARIS HOTEL L\u00dcNEBURG<\/a><\/strong> haben Sie die M\u00f6glichkeit bis zum 1. Februar\u00a02017 Ihre Zimmer zum Vorzugpreis abzurufen. Bitte nehmen Sie Ihre Zimmerbuchung und Hotelabrechnung unter dem Stichwort \u201eNDVK-2017\u201c direkt im 4-Sterne-Hotel vor.<\/p>\n<p><img loading=\"lazy\" class=\"alignleft wp-image-149 size-thumbnail\" style=\"margin-bottom: 30px;\" src=\"http:\/\/norddeutscher-vertriebskongress.de\/wp-ndvk\/wp-content\/uploads\/2013\/11\/Logo_Seminaris-148x148.jpg\" alt=\"Seminaris Hotel L\u00fcneburg\" width=\"80\" height=\"80\" \/><strong>SEMINARIS HOTEL L\u00dcNEBURG<\/strong><\/p>\n<p>Soltauer Stra\u00dfe 3<br \/>\n21335 L\u00fcneburg<br \/>\nReservierung: 04131 713-0<br \/>\n<a href=\"https:\/\/goo.gl\/maps\/vKIqv\" target=\"_blank\" rel=\"noopener\">Google Maps<\/a><\/p>\n<p>Ein Einzelzimmer erhalten Sie zum Vorzugspreis von 85\u00a0EUR inkl. MwSt. und Fr\u00fchst\u00fcck.\u00a0Doppelzimmer gegen Aufpreis pro Nacht nach Verf\u00fcgbarkeit.<\/p>\n<\/div><\/section><br \/>\n<div  class='hr av-av_hr-f39949d50f14a9ad8ff676ca560510e8 hr-default  avia-builder-el-9  el_after_av_textblock  el_before_av_textblock '><span class='hr-inner '><span class=\"hr-inner-style\"><\/span><\/span><\/div><br \/>\n<section  class='av_textblock_section av-av_textblock-35972167d9f102c5ddaec0c531c98b9e'  itemscope=\"itemscope\" itemtype=\"https:\/\/schema.org\/CreativeWork\" ><div class='avia_textblock'  itemprop=\"text\" ><p>Weitere \u00dcbernachtungsm\u00f6glichkeiten vermittelt Ihnen unser Touristik-Partner <a href=\"http:\/\/www.lueneburg.info\/de\/tourist-information\/\" target=\"_blank\" rel=\"noopener\">L\u00fcneburg Marketing GmbH<\/a><\/p>\n<p><img loading=\"lazy\" class=\"alignleft wp-image-196 size-thumbnail\" style=\"margin-bottom: 30px;\" src=\"http:\/\/norddeutscher-vertriebskongress.de\/wp-ndvk\/wp-content\/uploads\/2013\/11\/LGM_LOGO2-150x150.jpg\" alt=\"L\u00fcneburg Marketing GmbH\" width=\"80\" height=\"80\" srcset=\"http:\/\/norddeutscher-vertriebskongress.de\/wp-ndvk\/wp-content\/uploads\/2013\/11\/LGM_LOGO2.jpg 150w, http:\/\/norddeutscher-vertriebskongress.de\/wp-ndvk\/wp-content\/uploads\/2013\/11\/LGM_LOGO2-60x60.jpg 60w\" sizes=\"(max-width: 80px) 100vw, 80px\" \/><strong>L\u00fcneburg Marketing GmbH<\/strong><\/p>\n<p>Rathaus\/Am Markt<br \/>\n21335 L\u00fcneburg<br \/>\nTelefon: 0800 220 50 05<\/p>\n<\/div><\/section><\/p><\/div>\n","protected":false},"excerpt":{"rendered":"","protected":false},"author":1,"featured_media":0,"parent":0,"menu_order":0,"comment_status":"closed","ping_status":"open","template":"","meta":[],"_links":{"self":[{"href":"http:\/\/norddeutscher-vertriebskongress.de\/wp-ndvk\/wp-json\/wp\/v2\/pages\/3267"}],"collection":[{"href":"http:\/\/norddeutscher-vertriebskongress.de\/wp-ndvk\/wp-json\/wp\/v2\/pages"}],"about":[{"href":"http:\/\/norddeutscher-vertriebskongress.de\/wp-ndvk\/wp-json\/wp\/v2\/types\/page"}],"author":[{"embeddable":true,"href":"http:\/\/norddeutscher-vertriebskongress.de\/wp-ndvk\/wp-json\/wp\/v2\/users\/1"}],"replies":[{"embeddable":true,"href":"http:\/\/norddeutscher-vertriebskongress.de\/wp-ndvk\/wp-json\/wp\/v2\/comments?post=3267"}],"version-history":[{"count":12,"href":"http:\/\/norddeutscher-vertriebskongress.de\/wp-ndvk\/wp-json\/wp\/v2\/pages\/3267\/revisions"}],"predecessor-version":[{"id":4094,"href":"http:\/\/norddeutscher-vertriebskongress.de\/wp-ndvk\/wp-json\/wp\/v2\/pages\/3267\/revisions\/4094"}],"wp:attachment":[{"href":"http:\/\/norddeutscher-vertriebskongress.de\/wp-ndvk\/wp-json\/wp\/v2\/media?parent=3267"}],"curies":[{"name":"wp","href":"https:\/\/api.w.org\/{rel}","templated":true}]}}

<div class='flex_column av-av_one_full-2a9015ff38129c418a3f2eafba3e9512 av_one_full  avia-builder-el-0  el_before_av_one_full  avia-builder-el-first  first flex_column_div '     ><style type="text/css" data-created_by="avia_inline_auto" id="style-css-av-av_heading-74a810d343c2e4a6cb867902a95a8a77">
#top .av-special-heading.av-av_heading-74a810d343c2e4a6cb867902a95a8a77{
padding-bottom:10px;
}
body .av-special-heading.av-av_heading-74a810d343c2e4a6cb867902a95a8a77 .av-special-heading-tag .heading-char{
font-size:25px;
}
.av-special-heading.av-av_heading-74a810d343c2e4a6cb867902a95a8a77 .av-subheading{
font-size:15px;
}
</style>
<div  class='av-special-heading av-av_heading-74a810d343c2e4a6cb867902a95a8a77 av-special-heading-h2  avia-builder-el-1  avia-builder-el-no-sibling '><h2 class='av-special-heading-tag'  itemprop="headline"  >Abendprogramm: Entdecken Sie die bezaubernde Lüneburger Altstadt </h2><div class="special-heading-border"><div class="special-heading-inner-border"></div></div></div></div>

<style type="text/css" data-created_by="avia_inline_auto" id="style-css-av-av_one_full-6126cab7d8fab8d08143dd2dacdf673c">
.flex_column.av-av_one_full-6126cab7d8fab8d08143dd2dacdf673c{
-webkit-border-radius:0px 0px 0px 0px;
-moz-border-radius:0px 0px 0px 0px;
border-radius:0px 0px 0px 0px;
padding:0px 0px 0px 0px;
}
</style>
<div class='flex_column av-av_one_full-6126cab7d8fab8d08143dd2dacdf673c av_one_full  avia-builder-el-2  el_after_av_one_full  el_before_av_one_full  first flex_column_div av-zero-column-padding column-top-margin'     ><div id='av-masonry-1' class='av-masonry av-av_masonry_gallery-fc3e4712f2cb6514c0f2231dfd024fe1 noHover av-fixed-size av-large-gap av-hover-overlay-active av-masonry-animation-active av-masonry-col-3 av-caption-always av-caption-style- av-masonry-gallery '><div class="av-masonry-container isotope av-js-disabled"><div class='av-masonry-entry isotope-item av-masonry-item-no-image '></div><a href="http://norddeutscher-vertriebskongress.de/wp-ndvk/wp-content/uploads/2013/11/Altes-Rathaus-Lueneburg_LMG.jpg" data-srcset="http://norddeutscher-vertriebskongress.de/wp-ndvk/wp-content/uploads/2013/11/Altes-Rathaus-Lueneburg_LMG.jpg 660w, http://norddeutscher-vertriebskongress.de/wp-ndvk/wp-content/uploads/2013/11/Altes-Rathaus-Lueneburg_LMG-300x281.jpg 300w" data-sizes="(max-width: 660px) 100vw, 660px"  aria-label="Bild Eine Perle unter Deutschlands Rathäusern: das Alte Rathaus zu Lüneburg"  id='av-masonry-1-item-136' data-av-masonry-item='136' class='av-masonry-entry isotope-item post-136 attachment type-attachment status-inherit hentry  av-masonry-item-with-image' title="Eine Perle unter Deutschlands Rathäusern: das Alte Rathaus zu Lüneburg" alt="Eine Perle unter Deutschlands Rathäusern: das Alte Rathaus zu Lüneburg"    itemprop="thumbnailUrl" ><div class='av-inner-masonry-sizer'></div><figure class='av-inner-masonry main_color'><div class="av-masonry-outerimage-container"><div class='av-masonry-image-container' style="background-image: url(http://norddeutscher-vertriebskongress.de/wp-ndvk/wp-content/uploads/2013/11/Altes-Rathaus-Lueneburg_LMG.jpg);"  title="Eine Perle unter Deutschlands Rathäusern: das Alte Rathaus zu Lüneburg"   alt="Eine Perle unter Deutschlands Rathäusern: das Alte Rathaus zu Lüneburg" ></div></div></figure></a><!--end av-masonry entry--><a href="http://norddeutscher-vertriebskongress.de/wp-ndvk/wp-content/uploads/2014/12/Lüneburger-Stintmarkt-mit-Salzewer_Web-1030x684.jpg" data-srcset="http://norddeutscher-vertriebskongress.de/wp-ndvk/wp-content/uploads/2014/12/Lüneburger-Stintmarkt-mit-Salzewer_Web-1030x684.jpg 1030w, http://norddeutscher-vertriebskongress.de/wp-ndvk/wp-content/uploads/2014/12/Lüneburger-Stintmarkt-mit-Salzewer_Web-300x199.jpg 300w, http://norddeutscher-vertriebskongress.de/wp-ndvk/wp-content/uploads/2014/12/Lüneburger-Stintmarkt-mit-Salzewer_Web-768x510.jpg 768w, http://norddeutscher-vertriebskongress.de/wp-ndvk/wp-content/uploads/2014/12/Lüneburger-Stintmarkt-mit-Salzewer_Web-1500x996.jpg 1500w, http://norddeutscher-vertriebskongress.de/wp-ndvk/wp-content/uploads/2014/12/Lüneburger-Stintmarkt-mit-Salzewer_Web-705x468.jpg 705w, http://norddeutscher-vertriebskongress.de/wp-ndvk/wp-content/uploads/2014/12/Lüneburger-Stintmarkt-mit-Salzewer_Web-450x299.jpg 450w" data-sizes="(max-width: 1030px) 100vw, 1030px"  aria-label="Bild lueneburger-stintmarkt-mit-salzewer_web"  id='av-masonry-1-item-4089' data-av-masonry-item='4089' class='av-masonry-entry isotope-item post-4089 attachment type-attachment status-inherit hentry  av-masonry-item-with-image' title="lueneburger-stintmarkt-mit-salzewer_web" alt=""    itemprop="thumbnailUrl" ><div class='av-inner-masonry-sizer'></div><figure class='av-inner-masonry main_color'><div class="av-masonry-outerimage-container"><div class='av-masonry-image-container' style="background-image: url(http://norddeutscher-vertriebskongress.de/wp-ndvk/wp-content/uploads/2014/12/Lüneburger-Stintmarkt-mit-Salzewer_Web-705x468.jpg);"  title="lueneburger-stintmarkt-mit-salzewer_web"  ></div></div></figure></a><!--end av-masonry entry--><a href="http://norddeutscher-vertriebskongress.de/wp-ndvk/wp-content/uploads/2014/12/Diele-in-der-Krone.jpg" data-srcset="http://norddeutscher-vertriebskongress.de/wp-ndvk/wp-content/uploads/2014/12/Diele-in-der-Krone.jpg 900w, http://norddeutscher-vertriebskongress.de/wp-ndvk/wp-content/uploads/2014/12/Diele-in-der-Krone-300x200.jpg 300w, http://norddeutscher-vertriebskongress.de/wp-ndvk/wp-content/uploads/2014/12/Diele-in-der-Krone-705x470.jpg 705w, http://norddeutscher-vertriebskongress.de/wp-ndvk/wp-content/uploads/2014/12/Diele-in-der-Krone-450x300.jpg 450w" data-sizes="(max-width: 900px) 100vw, 900px"  aria-label="Bild Diele in der Krone"  id='av-masonry-1-item-3673' data-av-masonry-item='3673' class='av-masonry-entry isotope-item post-3673 attachment type-attachment status-inherit hentry  av-masonry-item-with-image' title="Diele in der Krone" alt=""    itemprop="thumbnailUrl" ><div class='av-inner-masonry-sizer'></div><figure class='av-inner-masonry main_color'><div class="av-masonry-outerimage-container"><div class='av-masonry-image-container' style="background-image: url(http://norddeutscher-vertriebskongress.de/wp-ndvk/wp-content/uploads/2014/12/Diele-in-der-Krone-705x470.jpg);"  title="Diele in der Krone"  ></div></div></figure></a><!--end av-masonry entry--></div></div></div>
<div class='flex_column av-av_one_full-2a9015ff38129c418a3f2eafba3e9512 av_one_full  avia-builder-el-4  el_after_av_one_full  avia-builder-el-last  first flex_column_div column-top-margin'     ><p><section  class='av_textblock_section av-av_textblock-35972167d9f102c5ddaec0c531c98b9e'  itemscope="itemscope" itemtype="https://schema.org/CreativeWork" ><div class='avia_textblock'  itemprop="text" ><p><strong>Das Networking-Event am Abend des ersten Kongresstags.</strong></p>
<p>Der Abend beginnt mit einer kleinen, geführten Reise durch die bezaubernde Lüneburger Altstadt. Danach erwartet Sie ein leckeres 3-Gang-Menü in der Festdiele des ehemaligen Brauhauses Krone – ein wunderschöner, original erhaltener Saal aus dem Jahr 1485, einmalig in Norddeutschland. Knüpfen und Vertiefen neuer Kontakte leicht gemacht.</p>
<p>Preis pro Person: 69 EUR zzgl. MwSt. (inklusive aller Getränke – außer Spirituosen)</p>
<div  class='avia-button-wrap av-av_button-aa2d561330561f4c786b122cc23d04d9-wrap avia-button-left  avia-builder-el-6  avia-builder-el-no-sibling '><a href='http://norddeutscher-vertriebskongress.de/wp-ndvk/hier-anmelden-zum-norddeutschen-vertriebskongress-2017/'  class='avia-button av-av_button-aa2d561330561f4c786b122cc23d04d9 avia-icon_select-no avia-size-medium avia-position-left avia-color-green'  ><span class='avia_iconbox_title' >Jetzt zusammen mit Ihrer Anmeldung buchen</span></a></div>
</div></section><br />

<style type="text/css" data-created_by="avia_inline_auto" id="style-css-av-av_heading-9f4e3f22af2c8c02fa8ac5834d876327">
#top .av-special-heading.av-av_heading-9f4e3f22af2c8c02fa8ac5834d876327{
padding-bottom:10px;
}
body .av-special-heading.av-av_heading-9f4e3f22af2c8c02fa8ac5834d876327 .av-special-heading-tag .heading-char{
font-size:25px;
}
.av-special-heading.av-av_heading-9f4e3f22af2c8c02fa8ac5834d876327 .av-subheading{
font-size:15px;
}
</style>
<div  class='av-special-heading av-av_heading-9f4e3f22af2c8c02fa8ac5834d876327 av-special-heading-h3  avia-builder-el-7  el_after_av_textblock  el_before_av_textblock '><h3 class='av-special-heading-tag'  itemprop="headline"  >Übernachten</h3><div class="special-heading-border"><div class="special-heading-inner-border"></div></div></div><br />
<section  class='av_textblock_section av-av_textblock-35972167d9f102c5ddaec0c531c98b9e'  itemscope="itemscope" itemtype="https://schema.org/CreativeWork" ><div class='avia_textblock'  itemprop="text" ><p>Bei unserem Hotel-Partner <strong><a href="http://www.seminaris.de/hotels/seminaris-hotel-lueneburg.html" target="_blank" rel="noopener">SEMINARIS HOTEL LÜNEBURG</a></strong> haben Sie die Möglichkeit bis zum 1. Februar 2017 Ihre Zimmer zum Vorzugpreis abzurufen. Bitte nehmen Sie Ihre Zimmerbuchung und Hotelabrechnung unter dem Stichwort „NDVK-2017“ direkt im 4-Sterne-Hotel vor.</p>
<p><img loading="lazy" class="alignleft wp-image-149 size-thumbnail" style="margin-bottom: 30px;" src="http://norddeutscher-vertriebskongress.de/wp-ndvk/wp-content/uploads/2013/11/Logo_Seminaris-148x148.jpg" alt="Seminaris Hotel Lüneburg" width="80" height="80" /><strong>SEMINARIS HOTEL LÜNEBURG</strong></p>
<p>Soltauer Straße 3<br />
21335 Lüneburg<br />
Reservierung: 04131 713-0<br />
<a href="https://goo.gl/maps/vKIqv" target="_blank" rel="noopener">Google Maps</a></p>
<p>Ein Einzelzimmer erhalten Sie zum Vorzugspreis von 85 EUR inkl. MwSt. und Frühstück. Doppelzimmer gegen Aufpreis pro Nacht nach Verfügbarkeit.</p>
</div></section><br />
<div  class='hr av-av_hr-f39949d50f14a9ad8ff676ca560510e8 hr-default  avia-builder-el-9  el_after_av_textblock  el_before_av_textblock '><span class='hr-inner '><span class="hr-inner-style"></span></span></div><br />
<section  class='av_textblock_section av-av_textblock-35972167d9f102c5ddaec0c531c98b9e'  itemscope="itemscope" itemtype="https://schema.org/CreativeWork" ><div class='avia_textblock'  itemprop="text" ><p>Weitere Übernachtungsmöglichkeiten vermittelt Ihnen unser Touristik-Partner <a href="http://www.lueneburg.info/de/tourist-information/" target="_blank" rel="noopener">Lüneburg Marketing GmbH</a></p>
<p><img loading="lazy" class="alignleft wp-image-196 size-thumbnail" style="margin-bottom: 30px;" src="http://norddeutscher-vertriebskongress.de/wp-ndvk/wp-content/uploads/2013/11/LGM_LOGO2-150x150.jpg" alt="Lüneburg Marketing GmbH" width="80" height="80" srcset="http://norddeutscher-vertriebskongress.de/wp-ndvk/wp-content/uploads/2013/11/LGM_LOGO2.jpg 150w, http://norddeutscher-vertriebskongress.de/wp-ndvk/wp-content/uploads/2013/11/LGM_LOGO2-60x60.jpg 60w" sizes="(max-width: 80px) 100vw, 80px" /><strong>Lüneburg Marketing GmbH</strong></p>
<p>Rathaus/Am Markt<br />
21335 Lüneburg<br />
Telefon: 0800 220 50 05</p>
</div></section></p></div>
